3
In base 6, what is 210 + 143012?
143222
In base 10, what is 74 - -659378?
659452
In base 11, what is 1 - -226476a?
2264770
In base 10, what is -8827829 - 2?
-8827831
In base 15, what is 8852 + -9a?
87a7
In base 14, what is -ca03db - -d?
-ca03cc
In base 15, what is 2b5 - 77a5?
-74e0
In base 2, what is 101 - -1110101110100010?
1110101110100111
In base 3, what is -102 - 2112211201201112?
-2112211201201221
In base 9, what is -471 - -31537?
31056
In base 14, what is -3 + d6b9d5c?
d6b9d59
In base 8, what is -4466411 + 3?
-4466406
In base 11, what is -956a + -8174?
-16733
In base 10, what is 6916436 + -2?
6916434
In base 16, what is 727413 + c?
72741f
In base 4, what is 2020301 + -12232?
2002003
In base 9, what is 3172 + -50657?
-46475
In base 4, what is 113100 - 30312?
22122
In base 2, what is -10 + -100110000100101001100010?
-100110000100101001100100
In base 4, what is 1111110003100 + 1?
1111110003101
In base 16, what is 1842c83 - -2?
1842c85
In base 15, what is -130 - 5c4c?
-5d7c
In base 7, what is 35566 + -26564?
6002
In base 6, what is 213443 - -1545?
215432
In base 3, what is 100120012 - -1100112?
101220201
In base 8, what is 371164275 + -1?
371164274
In base 8, what is 4343664 - 25?
4343637
In base 9, what is 35456 - 25?
35431
In base 16, what is -1742d + -cf?
-174fc
In base 4, what is -1 + -102330311122?
-102330311123
In base 13, what is a6a415 + -8b?
a6a357
In base 7, what is -1 - 3444146163?
-3444146164
In base 7, what is -3402343 - 14?
-3402360
In base 16, what is 28b - -ef9?
1184
In base 15, what is 1a0954 + -c?
1a0947
In base 12, what is 39454 + 647?
39a9b
In base 9, what is 157 - -133071?
133238
In base 7, what is -613 + -16113526?
-16114442
In base 16, what is -ac78e6 - -3?
-ac78e3
In base 4, what is 221300313321 + 10?
221300313331
In base 9, what is 8102204 + 5?
8102210
In base 10, what is 76721509 - -2?
76721511
In base 16, what is -a8c + -3b17?
-45a3
In base 4, what is -31101100210103 - -12?
-31101100210031
In base 7, what is 3 - -45441452?
45441455
In base 9, what is 788552 + -51?
788501
In base 14, what is -4 - 1d2450?
-1d2454
In base 3, what is 1102201 - -101002102?
102112010
In base 13, what is 506610 + 5?
506615
In base 6, what is -104123 - -103512?
-211
In base 11, what is 229 + 1500110?
1500339
In base 9, what is -2 + 176645433?
176645431
In base 5, what is -122220131341 + -1?
-122220131342
In base 5, what is -4 - -1141442202232?
1141442202223
In base 4, what is 20312003031 + 12322?
20312022013
In base 16, what is -eda4 + -4e3?
-f287
In base 15, what is 134a + 18d4?
2c2e
In base 9, what is 1334 + -41612?
-40267
In base 8, what is -76715 + -141?
-77056
In base 11, what is -2 + -2323448?
-232344a
In base 4, what is -3123233311021 - 3?
-3123233311030
In base 3, what is -101020220 + 1001102?
-100012111
In base 6, what is 23113 - -433534?
501051
In base 7, what is 3 - 330311460?
-330311454
In base 5, what is 1 - 144300444044?
-144300444043
In base 9, what is 76663 - 118?
76544
In base 9, what is -2666133 + -5?
-2666138
In base 15, what is 3ebce + -72?
3eb5c
In base 15, what is -153 - -88bd?
876a
In base 6, what is 3412 + -33114122?
-33110310
In base 8, what is 1 - -323743521?
323743522
In base 13, what is 21b283 + 8?
21b28b
In base 8, what is 30113 + 7712?
40025
In base 13, what is -2c + -564487?
-5644b6
In base 4, what is -2220123331 + -31?
-2220130022
In base 11, what is 2 + -41001879?
-41001877
In base 8, what is -6 - 10452553?
-10452561
In base 11, what is -529 + -13814?
-14242
In base 3, what is 0 + 222222221202120002?
222222221202120002
In base 3, what is 2 - 10222002010112202?
-10222002010112200
In base 2, what is -101 + -1000001001001101011011110?
-1000001001001101011100011
In base 10, what is 303106859 - 2?
303106857
In base 15, what is 0 + -5da60ac?
-5da60ac
In base 15, what is -3 - -603bd5?
603bd2
In base 12, what is -4b2 + -4b13?
-5405
In base 3, what is 111100111211011001 + -10?
111100111211010221
In base 9, what is 8164688 + -38?
8164650
In base 14, what is 124 - -37544?
37668
In base 3, what is 1 - -12021012120?
12021012121
In base 5, what is 20044 + -1333120?
-1313021
In base 3, what is 1010012112121 - -122?
1010012120020
In base 11, what is -24034 - 1a4?
-24228
In base 3, what is -2 + 11112021202001?
11112021201222
In base 13, what is -7 + -77b90?
-77b97
In base 6, what is 5 + 2214102435?
2214102444
In base 2, what is 10011100000001011101111 - -101?
10011100000001011110100
In base 6, what is -25221505 - -11?
-25221454
In base 2, what is 1010100111111010 + -100011110011?
1010000100000111
In base 5, what is 13323213 + -430?
13322233
In base 2, what is 10010011001 + -100100011010100?
-100010000111011
In base 2, what is 11100001111000010000 + 101011?
11100001111000111011
In base 8, what is 1474 + 7544?
11240
In base 9, what is -675256833 + 4?
-675256828
In base 14, what is 6d218141 - 3?
6d21813c
In base 5, what is 4430320413211 - 3?
4430320413203
In base 4, what is 1213011 - 21010?
1132001
In base 2, what is -111010 - -1110011110000001000?
1110011101111001110
In base 13, what is 1a21 - 53?
199b
In base 5, what is 14 + 22102013?
22102032
In base 16, what is -6478e1 + 8?
-6478d9
In base 6, what is 53430 + -443324?
-345454
In base 5, what is -3 + -34032442042?
-34032442100
In base 7, what is 4515 + 22243?
30061
In base 15, what is -1105bb - -8?
-1105b3
In base 9, what is -4 + 2507853?
2507848
In base 16, what is 3 + -1111b92?
-1111b8f
In base 16, what is 8591dc - -2?
8591de
In base 12, what is 60 - -4b726b3?
4b72753
In base 4, what is -21020311 - -100113?
-20320132
In base 13, what is -1 - 365126?
-365127
In base 15, what is -6e1ae + -65?
-6e224
In base 8, what is -43 + -1133474?
-1133537
In base 3, what is 1100120110222 + 1222?
1100120112221
In base 3, what is -121112002211 + 1000?
-121112001211
In base 6, what is 3442 + -2014021?
-2010135
In base 5, what is 42 - 31011230321?
-31011230224
In base 16, what is -1b3b - 57?
-1b92
In base 13, what is 4ca - 1999c?
-194a2
In base 8, what is 14663451 + -13?
14663436
In base 9, what is 280756 + -5381?
274365
In base 13, what is 1c8c4307 + 2?
1c8c4309
In base 2, what is -1111100001 + 10010100111?
11000110
In base 11, what is -33383 - 392?
-33765
In base 15, what is -21443 - 37?
-2147a
In base 16, what is 2 + -b9e92e?
-b9e92c
In base 7, what is 26606403 - -10?
26606413
In base 10, what is -3 + -7583488?
-7583491
In base 5, what is 412332214 - 1342?
412330322
In base 14, what is 1a3 - 4b82b?
-4b668
In base 5, what is -120210 - 4204424?
-4330134
In base 5, what is -1434 - -233240210?
233233221
In base 8, what is 40031 + -750?
37061
In base 7, what is 10015 + -122260?
-112242
In base 6, what is -13015 - 542235?
-555254
In base 12, what is -a34a6b9 - -1?
-a34a6b8
In base 9, what is 54604 + 380?
55084
In base 13, what is -12c4a2 - 0?
-12c4a2
In base 14, what is 190c63 + c?
190c71
In base 9, what is -2 - -545821833?
545821831
In base 3, what is 22 + 100011111210211?
100011111211010
In base 6, what is 204055 + -20444?
143211
In base 14, what is 23261 + 954?
23bb5
In base 9, what is 38851 + -12624?
26226
In base 5, what is -2320012 + -2?
-2320014
In base 8, what is 7445 + -6377?
1046
In base 12, what is -1 + 30a3752?
30a3751
In base 5, what is 11213312 - -321?
11214133
In base 2, what is 10 + 10010011101101100111?
10010011101101101001
In base 8, what is 6 - -47131531?
47131537
In base 3, what is 10210011010210211 - 111?
10210011010210100
In base 5, what is -442200442113 + -4?
-442200442122
In base 10, what is 118541 - 13?
118528
In base 3, what is 0 - 12120112022112111?
-12120112022112111
In base 15, what is 64510 - 373?
6418c
In base 13, what is 3a214 + -11c?
3a0c5
In base 4, what is 111112 + -2021200?
-1310022
In base 7, what is 133 - 2026344?
-2026211
In base 13, what is -9cc + 62c?
-3a0
In base 8, what is -120603 + 7?
-120574
In base 15, what is -2b - e5a5?
-e5d1
In base 6, what is -2 + 430105152?
430105150
In base 9, what is 674841 - 1014?
673826
In base 3, what is 12021100010 - 111022?
12020211211
In base 10, what is -1 + -146336552?
-146336553
In base 7, what is 4452 - 5603?
-1121
In base 11, what is 606 - -6502?
7008
In base 4, what is 1222 - -20223?
22111
In base 3, what is -1102220100101201001 - 12?
-1102220100101201020
In base 4, what is 1031 - -130202231?
130203322
In b